{"id":164,"date":"2017-10-25T19:09:37","date_gmt":"2017-10-25T17:09:37","guid":{"rendered":"http:\/\/www.cineclubaranjuez.es\/?page_id=164"},"modified":"2020-07-26T14:21:52","modified_gmt":"2020-07-26T12:21:52","slug":"ranking-nuestros-lectores","status":"publish","type":"page","link":"https:\/\/www.cineclubaranjuez.es\/index.php\/ranking-nuestros-lectores\/","title":{"rendered":"Ranking Lectores"},"content":{"rendered":"<div style='text-align:left' class='yasr-auto-insert-overall'><!--Yasr Overall Rating Shortcode--><div class='yasr-custom-text-before-overall' id='yasr-custom-text-before-overall'>Nuestra Puntuaci\u00f3n<\/div><div class=\"yasr-overall-rating\"><div class=' yasr-rater-stars'\n                           id='yasr-overall-rating-rater-b9c6498d7f928'\n                           data-rating='0'\n                           data-rater-starsize='32'>\n                       <\/div><\/div><!--End Yasr Overall Rating Shortcode--><\/div><div style='text-align:left' class='yasr-auto-insert-visitor'><!--Yasr Visitor Votes Shortcode--><div id='yasr_visitor_votes_96f9a29b88d7c' class='yasr-visitor-votes'><div class=\"yasr-custom-text-vv-before yasr-custom-text-vv-before-164\">Valoraci\u00f3n de los lectores<\/div><div id='yasr-vv-second-row-container-96f9a29b88d7c'\n                                        class='yasr-vv-second-row-container'><div id='yasr-visitor-votes-rater-96f9a29b88d7c'\n                                      class='yasr-rater-stars-vv'\n                                      data-rater-postid='164'\n                                      data-rating='0'\n                                      data-rater-starsize='32'\n                                      data-rater-readonly='false'\n                                      data-rater-nonce='6329f6b4df'\n                                      data-issingular='false'\n                                    ><\/div><div class=\"yasr-vv-stats-text-container\" id=\"yasr-vv-stats-text-container-96f9a29b88d7c\"><svg xmlns=\"https:\/\/www.w3.org\/2000\/svg\" width=\"20\" height=\"20\"\n                                   class=\"yasr-dashicons-visitor-stats\"\n                                   data-postid=\"164\"\n                                   id=\"yasr-stats-dashicon-96f9a29b88d7c\">\n                                   <path d=\"M18 18v-16h-4v16h4zM12 18v-11h-4v11h4zM6 18v-8h-4v8h4z\"><\/path>\n                               <\/svg><span id=\"yasr-vv-text-container-96f9a29b88d7c\" class=\"yasr-vv-text-container\">[Total: <span id=\"yasr-vv-votes-number-container-96f9a29b88d7c\">0<\/span>  Media: <span id=\"yasr-vv-average-container-96f9a29b88d7c\">0<\/span>]<\/span><\/div><div id='yasr-vv-loader-96f9a29b88d7c' class='yasr-vv-container-loader'><\/div><\/div><div id='yasr-vv-bottom-container-96f9a29b88d7c' class='yasr-vv-bottom-container'><\/div><\/div><!--End Yasr Visitor Votes Shortcode--><\/div><p>Las 10 pel\u00edculas mejor valoradas por nuestros lectores<\/p>\n<!-- Yasr Most Or Highest Rated Shortcode --><table\n                                          class='yasr-rankings yasr-stars-rankings'\n                                          id='yasr_vv_ranking_899b36ce8d23f'\n                                          data-ranking-data='{&quot;most&quot;:[{&quot;post_id&quot;:623,&quot;rating&quot;:4.5,&quot;number_of_votes&quot;:4,&quot;title&quot;:&quot;Tesis&quot;,&quot;link&quot;:&quot;https:\\\/\\\/www.cineclubaranjuez.es\\\/index.php\\\/2019\\\/02\\\/13\\\/tesis\\\/&quot;},{&quot;post_id&quot;:120,&quot;rating&quot;:4.7,&quot;number_of_votes&quot;:3,&quot;title&quot;:&quot;Los cazafantasmas&quot;,&quot;link&quot;:&quot;https:\\\/\\\/www.cineclubaranjuez.es\\\/index.php\\\/2017\\\/10\\\/20\\\/los-cazafantasmas\\\/&quot;},{&quot;post_id&quot;:200,&quot;rating&quot;:4.3,&quot;number_of_votes&quot;:3,&quot;title&quot;:&quot;El buscavidas&quot;,&quot;link&quot;:&quot;https:\\\/\\\/www.cineclubaranjuez.es\\\/index.php\\\/2017\\\/11\\\/03\\\/el-buscavidas\\\/&quot;},{&quot;post_id&quot;:652,&quot;rating&quot;:4,&quot;number_of_votes&quot;:3,&quot;title&quot;:&quot;Bohemian Rapsody&quot;,&quot;link&quot;:&quot;https:\\\/\\\/www.cineclubaranjuez.es\\\/index.php\\\/2019\\\/02\\\/28\\\/bohemian-rapsody\\\/&quot;},{&quot;post_id&quot;:191,&quot;rating&quot;:4,&quot;number_of_votes&quot;:3,&quot;title&quot;:&quot;Training day&quot;,&quot;link&quot;:&quot;https:\\\/\\\/www.cineclubaranjuez.es\\\/index.php\\\/2017\\\/11\\\/01\\\/training-day\\\/&quot;},{&quot;post_id&quot;:537,&quot;rating&quot;:3.7,&quot;number_of_votes&quot;:3,&quot;title&quot;:&quot;The equalizer 2&quot;,&quot;link&quot;:&quot;https:\\\/\\\/www.cineclubaranjuez.es\\\/index.php\\\/2018\\\/09\\\/09\\\/the-equalizer-2\\\/&quot;},{&quot;post_id&quot;:311,&quot;rating&quot;:3.7,&quot;number_of_votes&quot;:3,&quot;title&quot;:&quot;Colossal&quot;,&quot;link&quot;:&quot;https:\\\/\\\/www.cineclubaranjuez.es\\\/index.php\\\/2018\\\/01\\\/13\\\/colossal\\\/&quot;},{&quot;post_id&quot;:127,&quot;rating&quot;:3.3,&quot;number_of_votes&quot;:3,&quot;title&quot;:&quot;Cazafantasmas 2&quot;,&quot;link&quot;:&quot;https:\\\/\\\/www.cineclubaranjuez.es\\\/index.php\\\/2017\\\/10\\\/22\\\/cazafantasmas-2\\\/&quot;},{&quot;post_id&quot;:316,&quot;rating&quot;:3,&quot;number_of_votes&quot;:3,&quot;title&quot;:&quot;Super 8&quot;,&quot;link&quot;:&quot;https:\\\/\\\/www.cineclubaranjuez.es\\\/index.php\\\/2018\\\/01\\\/15\\\/super-8\\\/&quot;},{&quot;post_id&quot;:744,&quot;rating&quot;:5,&quot;number_of_votes&quot;:2,&quot;title&quot;:&quot;La soga&quot;,&quot;link&quot;:&quot;https:\\\/\\\/www.cineclubaranjuez.es\\\/index.php\\\/2019\\\/05\\\/07\\\/la-soga\\\/&quot;}],&quot;highest&quot;:[{&quot;post_id&quot;:744,&quot;rating&quot;:5,&quot;number_of_votes&quot;:2,&quot;title&quot;:&quot;La soga&quot;,&quot;link&quot;:&quot;https:\\\/\\\/www.cineclubaranjuez.es\\\/index.php\\\/2019\\\/05\\\/07\\\/la-soga\\\/&quot;},{&quot;post_id&quot;:120,&quot;rating&quot;:4.7,&quot;number_of_votes&quot;:3,&quot;title&quot;:&quot;Los cazafantasmas&quot;,&quot;link&quot;:&quot;https:\\\/\\\/www.cineclubaranjuez.es\\\/index.php\\\/2017\\\/10\\\/20\\\/los-cazafantasmas\\\/&quot;},{&quot;post_id&quot;:623,&quot;rating&quot;:4.5,&quot;number_of_votes&quot;:4,&quot;title&quot;:&quot;Tesis&quot;,&quot;link&quot;:&quot;https:\\\/\\\/www.cineclubaranjuez.es\\\/index.php\\\/2019\\\/02\\\/13\\\/tesis\\\/&quot;},{&quot;post_id&quot;:114,&quot;rating&quot;:4.5,&quot;number_of_votes&quot;:2,&quot;title&quot;:&quot;Seven&quot;,&quot;link&quot;:&quot;https:\\\/\\\/www.cineclubaranjuez.es\\\/index.php\\\/2017\\\/10\\\/20\\\/seven\\\/&quot;},{&quot;post_id&quot;:282,&quot;rating&quot;:4.5,&quot;number_of_votes&quot;:2,&quot;title&quot;:&quot;Toro Salvaje&quot;,&quot;link&quot;:&quot;https:\\\/\\\/www.cineclubaranjuez.es\\\/index.php\\\/2017\\\/12\\\/26\\\/toro-salvaje\\\/&quot;},{&quot;post_id&quot;:200,&quot;rating&quot;:4.3,&quot;number_of_votes&quot;:3,&quot;title&quot;:&quot;El buscavidas&quot;,&quot;link&quot;:&quot;https:\\\/\\\/www.cineclubaranjuez.es\\\/index.php\\\/2017\\\/11\\\/03\\\/el-buscavidas\\\/&quot;},{&quot;post_id&quot;:652,&quot;rating&quot;:4,&quot;number_of_votes&quot;:3,&quot;title&quot;:&quot;Bohemian Rapsody&quot;,&quot;link&quot;:&quot;https:\\\/\\\/www.cineclubaranjuez.es\\\/index.php\\\/2019\\\/02\\\/28\\\/bohemian-rapsody\\\/&quot;},{&quot;post_id&quot;:191,&quot;rating&quot;:4,&quot;number_of_votes&quot;:3,&quot;title&quot;:&quot;Training day&quot;,&quot;link&quot;:&quot;https:\\\/\\\/www.cineclubaranjuez.es\\\/index.php\\\/2017\\\/11\\\/01\\\/training-day\\\/&quot;},{&quot;post_id&quot;:275,&quot;rating&quot;:4,&quot;number_of_votes&quot;:2,&quot;title&quot;:&quot;El diablo sobre ruedas&quot;,&quot;link&quot;:&quot;https:\\\/\\\/www.cineclubaranjuez.es\\\/index.php\\\/2017\\\/12\\\/16\\\/el-diablo-sobre-ruedas\\\/&quot;},{&quot;post_id&quot;:256,&quot;rating&quot;:4,&quot;number_of_votes&quot;:2,&quot;title&quot;:&quot;D\\u00eda de patriotas&quot;,&quot;link&quot;:&quot;https:\\\/\\\/www.cineclubaranjuez.es\\\/index.php\\\/2017\\\/12\\\/06\\\/dia-de-patriotas\\\/&quot;}]}'\n                                          data-ranking-source='\"visitor_votes\"'\n                                          data-ranking-params='\"\"'\n                                          data-ranking-size='24'\n                                          data-ranking-nonce='\"95df7bb513\"'\n                                          ><\/table><!--End Yasr TMost Or Highest Rated Shortcode -->\n","protected":false},"excerpt":{"rendered":"<p>Nuestra Puntuaci\u00f3n Valoraci\u00f3n de los lectores [Total: 0 Media: 0]Las 10 pel\u00edculas mejor valoradas por nuestros lectores<\/p>\n","protected":false},"author":1,"featured_media":0,"parent":0,"menu_order":0,"comment_status":"closed","ping_status":"closed","template":"","meta":{"yasr_overall_rating":0,"yasr_post_is_review":"","yasr_auto_insert_disabled":"","yasr_review_type":"","footnotes":""},"class_list":["post-164","page","type-page","status-publish","hentry"],"yasr_visitor_votes":{"stars_attributes":{"read_only":false,"span_bottom":false},"number_of_votes":0,"sum_votes":0},"_links":{"self":[{"href":"https:\/\/www.cineclubaranjuez.es\/index.php\/wp-json\/wp\/v2\/pages\/164"}],"collection":[{"href":"https:\/\/www.cineclubaranjuez.es\/index.php\/wp-json\/wp\/v2\/pages"}],"about":[{"href":"https:\/\/www.cineclubaranjuez.es\/index.php\/wp-json\/wp\/v2\/types\/page"}],"author":[{"embeddable":true,"href":"https:\/\/www.cineclubaranjuez.es\/index.php\/wp-json\/wp\/v2\/users\/1"}],"replies":[{"embeddable":true,"href":"https:\/\/www.cineclubaranjuez.es\/index.php\/wp-json\/wp\/v2\/comments?post=164"}],"version-history":[{"count":3,"href":"https:\/\/www.cineclubaranjuez.es\/index.php\/wp-json\/wp\/v2\/pages\/164\/revisions"}],"predecessor-version":[{"id":1508,"href":"https:\/\/www.cineclubaranjuez.es\/index.php\/wp-json\/wp\/v2\/pages\/164\/revisions\/1508"}],"wp:attachment":[{"href":"https:\/\/www.cineclubaranjuez.es\/index.php\/wp-json\/wp\/v2\/media?parent=164"}],"curies":[{"name":"wp","href":"https:\/\/api.w.org\/{rel}","templated":true}]}}