{"id":771,"date":"2019-06-15T12:18:57","date_gmt":"2019-06-15T10:18:57","guid":{"rendered":"http:\/\/www.cineclubaranjuez.es\/?page_id=771"},"modified":"2019-06-15T12:21:21","modified_gmt":"2019-06-15T10:21:21","slug":"sugerencias","status":"publish","type":"page","link":"https:\/\/www.cineclubaranjuez.es\/index.php\/sugerencias\/","title":{"rendered":"Sugerencias"},"content":{"rendered":"<p>En este espacio pod\u00e9is recomendarnos vuestras pel\u00edculas para que sean comentadas en \u00e9sta p\u00e1gina o en el podcast.<\/p>\n","protected":false},"excerpt":{"rendered":"<p>En este espacio pod\u00e9is recomendarnos vuestras pel\u00edculas para que sean comentadas en \u00e9sta p\u00e1gina o en el podcast.<\/p>\n","protected":false},"author":1,"featured_media":0,"parent":0,"menu_order":0,"comment_status":"open","ping_status":"closed","template":"","meta":{"yasr_overall_rating":0,"yasr_post_is_review":"","yasr_auto_insert_disabled":"yes","yasr_review_type":"Product","footnotes":""},"class_list":["post-771","page","type-page","status-publish","hentry"],"yasr_visitor_votes":{"stars_attributes":{"read_only":false,"span_bottom":false},"number_of_votes":0,"sum_votes":0},"_links":{"self":[{"href":"https:\/\/www.cineclubaranjuez.es\/index.php\/wp-json\/wp\/v2\/pages\/771"}],"collection":[{"href":"https:\/\/www.cineclubaranjuez.es\/index.php\/wp-json\/wp\/v2\/pages"}],"about":[{"href":"https:\/\/www.cineclubaranjuez.es\/index.php\/wp-json\/wp\/v2\/types\/page"}],"author":[{"embeddable":true,"href":"https:\/\/www.cineclubaranjuez.es\/index.php\/wp-json\/wp\/v2\/users\/1"}],"replies":[{"embeddable":true,"href":"https:\/\/www.cineclubaranjuez.es\/index.php\/wp-json\/wp\/v2\/comments?post=771"}],"version-history":[{"count":3,"href":"https:\/\/www.cineclubaranjuez.es\/index.php\/wp-json\/wp\/v2\/pages\/771\/revisions"}],"predecessor-version":[{"id":774,"href":"https:\/\/www.cineclubaranjuez.es\/index.php\/wp-json\/wp\/v2\/pages\/771\/revisions\/774"}],"wp:attachment":[{"href":"https:\/\/www.cineclubaranjuez.es\/index.php\/wp-json\/wp\/v2\/media?parent=771"}],"curies":[{"name":"wp","href":"https:\/\/api.w.org\/{rel}","templated":true}]}}